 of 1591.
37, 43
What are the prime factors of 307?
307
List the prime factors of 52440.
2, 3, 5, 19, 23
What are the prime factors of 2267?
2267
What are the prime factors of 111028?
2, 41, 677
What are the prime factors of 99602?
2, 49801
What are the prime factors of 79150?
2, 5, 1583
List the prime factors of 49399.
7, 7057
List the prime factors of 41607.
3, 23, 67
List the prime factors of 440.
2, 5, 11
List the prime factors of 857.
857
What are the prime factors of 1981?
7, 283
List the prime factors of 2558.
2, 1279
What are the prime factors of 3337?
47, 71
List the prime factors of 2759.
31, 89
List the prime factors of 544.
2, 17
List the prime factors of 2250.
2, 3, 5
What are the prime factors of 589?
19, 31
List the prime factors of 42312.
2, 3, 41, 43
List the prime factors of 48438.
2, 3, 13, 23
What are the prime factors of 1008?
2, 3, 7
List the prime factors of 7735.
5, 7, 13, 17
What are the prime factors of 78227?
137, 571
List the prime factors of 5733.
3, 7, 13
What are the prime factors of 23456?
2, 733
What are the prime factors of 1821?
3, 607
What are the prime factors of 33473?
11, 17, 179
What are the prime factors of 1913?
1913
What are the prime factors of 4533?
3, 1511
What are the prime factors of 333?
3, 37
What are the prime factors of 2942?
2, 1471
What are the prime factors of 1352?
2, 13
What are the prime factors of 712?
2, 89
What are the prime factors of 15531?
3, 31, 167
What are the prime factors of 4002?
2, 3, 23, 29
What are the prime factors of 1931?
1931
List the prime factors of 31827.
3, 103
What are the prime factors of 4931?
4931
What are the prime factors of 457?
457
What are the prime factors of 35123?
11, 31, 103
What are the prime factors of 48202?
2, 7, 11, 313
List the prime factors of 156103.
37, 4219
List the prime factors of 2254.
2, 7, 23
What are the prime factors of 2179?
2179
List the prime factors of 351.
3, 13
List the prime factors of 3239.
41, 79
List the prime factors of 4547.
4547
What are the prime factors of 61242?
2, 3, 59, 173
What are the prime factors of 3179?
11, 17
List the prime factors of 28601.
37, 773
List the prime factors of 2704.
2, 13
What are the prime factors of 40482?
2, 3, 13, 173
What are the prime factors of 203268?
2, 3, 13, 1303
List the prime factors of 1402.
2, 701
What are the prime factors of 1665?
3, 5, 37
What are the prime factors of 3326?
2, 1663
What are the prime factors of 123836?
2, 83, 373
What are the prime factors of 4487?
7, 641
What are the prime factors of 686?
2, 7
What are the prime factors of 11388?
2, 3, 13, 73
What are the prime factors of 914?
2, 457
List the prime factors of 676.
2, 13
What are the prime factors of 61140?
2, 3, 5, 1019
What are the prime factors of 70166?
2, 35083
List the prime factors of 10269.
3, 7, 163
What are the prime factors of 31688?
2, 17, 233
What are the prime factors of 11084?
2, 17, 163
What are the prime factors of 532?
2, 7, 19
What are the prime factors of 133626?
2, 3, 22271
What are the prime factors of 817?
19, 43
What are the prime factors of 146?
2, 73
List the prime factors of 135568.
2, 37, 229
List the prime factors of 18174.
2, 3, 13, 233
List the prime factors of 26562.
2, 3, 19, 233
List the prime factors of 3699.
3, 137
What are the prime factors of 16815?
3, 5, 19, 59
What are the prime factors of 24591?
3, 7, 1171
What are the prime factors of 121?
11
List the prime factors of 1043.
7, 149
List the prime factors of 27671.
7, 59, 67
List the prime factors of 136.
2, 17
What are the prime factors of 60072?
2, 3, 2503
What are the prime factors of 726?
2, 3, 11
List the prime factors of 4361.
7, 89
List the prime factors of 5562.
2, 3, 103
What are the prime factors of 2553?
3, 23, 37
List the prime factors of 1559.
1559
What are the prime factors of 1224?
2, 3, 17
What are the prime factors of 528?
2, 3, 11
What are the prime factors of 7849?
47, 167
What are the prime factors of 1885?
5, 13, 29
List the prime factors of 859.
859
List the prime factors of 470.
2, 5, 47
List the prime factors of 62521.
103, 607
What are the prime factors of 39307?
23, 1709
What are the prime factors of 28919?
11, 239
What are the prime factors of 10185?
3, 5, 7, 97
List the prime factors of 11232.
2, 3, 13
List the prime factors of 36505.
5, 7, 149
What are the prime factors of 26325?
3, 5, 13
List the prime factors of 976.
2, 61
What are the prime factors of 16834?
2, 19, 443
List the prime factors of 74879.
7, 19, 563
What are the prime factors of 86256?
2, 3, 599
List the prime factors of 89389.
71, 1259
What are the prime factors of 4914?
2, 3, 7, 13
List the prime factors of 12947.
11, 107
What are the prime factors of 12782?
2, 7, 11, 83
List the prime factors of 1479.
3, 17, 29
What are the prime factors of 4397?
4397
List the prime factors of 50040.
2, 3, 5, 139
List the prime factors of 53415.
3, 5, 1187
What are the prime factors of 19140?
2, 3, 5, 11, 29
What are the prime factors of 27748?
2, 7, 991
List the prime factors of 7506.
2, 3, 139
List the prime factors of 151163.
151163
List the prime factors of 51918.
2, 3, 17, 509
List the prime factors of 1938.
2, 3, 17, 19
What are the prime factors of 8572?
2, 2143
What are the prime factors of 494?
2, 13, 19
List the prime factors of 1045.
5, 11, 19
What are the prime factors of 1957?
19, 103
List the prime factors of 57741.
3, 19, 1013
List the prime factors of 959.
7, 137
List the prime factors of 15678.
2, 3, 13, 67
List the prime factors of 2106.
2, 3, 13
List the prime factors of 16853.
19, 887
What are the prime factors of 798?
2, 3, 7, 19
What are the prime factors of 40?
2, 5
What are the prime factors of 23964?
2, 3, 1997
List the prime factors of 1547.
7, 13, 17
List the prime factors of 25996.
2, 67, 97
What are the prime factors of 29812?
2, 29, 257
What are the prime factors of 979?
11, 89
What are the prime factors of 4004?
2, 7, 11, 13
What are the prime factors of 861?
3, 7, 41
What are the prime factors of 1883?
7, 269
What are the prime factors of 2391?
3, 797
List the prime factors of 322.
2, 7, 23
What are the prime factors of 63632?
2, 41, 97
What are the prime factors of 3207?
3, 1069
What are the prime factors of 2521?
2521
What are the prime factors of 5371?
41, 131
List the prime factors of 2976.
2, 3, 31
List the prime factors of 43869.
3, 7, 2089
List the prime factors of 85062.
2, 3, 14177
List the prime factors of 52848.
2, 3, 367
What are the prime factors of 4566?
2, 3, 761
List the prime factors of 36019.
181, 199
List the prime factors of 27922.
2, 23, 607
What are the prime factors of 65300?
2, 5, 653
What are the prime factors of 1079?
13, 83
What are the prime factors of 397?
397
What are the prime factors of 271?
271
What are the prime factors of 81743?
43, 1901
What are the prime factors of 135736?
2, 19, 47
What are the prime factors of 2815?
5, 563
List the prime factors of 1576.
2, 197
List the prime factors of 9799.
41, 239
What are the prime factors of 805?
5, 7, 23
What are the prime factors of 66322?
2, 33161
What are the prime factors of 2042?
2, 1021
List the prime factors of 862.
2, 431
What are the prime factors of 470?
2, 5, 47
List the prime factors of 8726.
2, 4363
List the prime factors of 7197.
3, 2399
What are the prime factors of 12084?
2, 3, 19, 53
List the prime factors of 7946.
2, 29, 137
What are the prime factors of 600?
2, 3, 5
What are the prime factors of 574?
2, 7, 41
List the prime factors of 2554.
2, 1277
List the prime factors of 1564.
2, 17, 23
What are the prime factors of 631?
631
List the prime factors of 6821.
19, 359
What are the prime factors of 10328?
2, 1291
What are the prime factors of 19111?
29, 659
List the prime factors of 47565.
3, 5, 7, 151
List the prime factors of 14339.
13, 1103
What are the prime factors of 2508?
2, 3, 11, 19
What are the prime factors of 2406?
2, 3, 401
What are the prime factors of 12276?
2, 3, 11, 31
What are the prime factors of 1099?
7, 157
What are the prime factors of 7499?
7499
What are the prime factors of 496?
2, 31
What are the prime factors of 14896?
2, 7, 19
List the prime factors of 751.
751
List the prime factors of 10177.
10177
List the prime factors of 2785.
5, 557
What are the prime factors of 3095?
5, 619
List